 is divided by 26/(((-1)/2)/((-6)/24)) - -6?
18
Let n(p) = 48*p**2 + 2*p + 2. Let a be n(6). Let z = a + -674. Suppose -5*i - 7*i = -z. What is the remainder when i is divided by 30?
29
Let g(j) = 27*j**2 + 5*j + 6. Suppose -99*u = -115*u + 48. Calculate the remainder when g(u) is divided by 55.
44
Let o(c) = 4*c**2 - 4. Suppose 2*n = -6*n + 104. Suppose 14*m + 2 = n*m. What is the remainder when 34 is divided by o(m)?
10
Suppose 428 = 2*z + 4*v, -2*z = 59*v - 54*v - 421. What is the remainder when z is divided by 155?
73
Let k(h) = -18*h**2 - 11*h - 5. Let d(q) = 20*q**2 + 12*q + 5. Let j(y) = -5*d(y) - 6*k(y). Calculate the remainder when j(-2) is divided by 10.
5
Calculate the remainder when 1257 - -10*(-33)/(-55) is divided by 416.
15
Suppose -16*h + 12*h = -12. Let z be 1*h - 1220/((-15)/3). Suppose 5*l = -82 + z. What is the remainder when l is divided by 18?
15
Suppose 7*s + 8*h - 12*h = 20404, 0 = 5*h - 10. What is the remainder when s is divided by 8?
4
Let a(i) = i**3 + 25*i**2 + 20*i - 45. Let f = 207 + -231. Calculate the remainder when a(f) is divided by 32.
19
Let s(d) = d + 30. Suppose 5*q = -h + 37, 7*q - 11*q = -3*h - 41. What is the remainder when 112 is divided by s(q)?
36
Let y(s) = 2*s**3 + 33*s - 37*s + 47*s - 16*s**2 + 7. Calculate the remainder when y(4) is divided by 6.
3
Let g = 113 + 31. What is the remainder when g is divided by -7 + 102 + -14 - 8?
71
Calculate the remainder when 2/((-4)/(-14)) + 695 + 195 is divided by 45.
42
Let y = 10765 - 10754. Calculate the remainder when 375 is divided by y.
1
Let h(d) be the third derivative of 34*d**4/3 + 35*d**3/6 + 86*d**2. Calculate the remainder when h(3) is divided by 14.
11
Let g = 520 - 516. Suppose -7 = g*n - 95. What is the remainder when 126 is divided by n?
16
Let f(w) = w**2 - 2*w - 11. What is the remainder when 15/1 - (-126 - -68) is divided by f(8)?
36
Let g = 4386 + -4373. What is the remainder when 85 is divided by g?
7
Let d = -74 - -68. Let h be 2/d + (-94)/(-3). Suppose 5*n = m + 5 + h, 0 = -n - 3*m + 4. What is the remainder when 12 is divided by n?
5
Calculate the remainder when (538/(-18))/(23 - (-2496)/(-108)) is divided by 135.
134
Suppose -3 = -3*u + x, -1 = 4*u - x - 2*x. Suppose l + 45 = 4*b, -6*b + 53 = -b + u*l. Calculate the remainder when 120 is divided by b.
10
Let h(p) = 56*p**2 - 15*p - 30. What is the remainder when h(5) is divided by 50?
45
Let t = -6 - -26. Let u(f) = 3*f**2 + f - 11. Let h(s) = s**2 - 19*s + 23. Let o be h(18). Calculate the remainder when u(o) is divided by t.
9
Let i(s) = s**2 - 20*s + 753. Calculate the remainder when 1757 is divided by i(25).
1
Calculate the remainder when -77 - -72 - (1 - (427 + -3)) is divided by 15.
13
Let f = 871 + -500. Let t = f + -288. What is the remainder when t is divided by 4?
3
What is the remainder when 26 + (-16 - 18) + -1 + 588 is divided by 188?
15
Let x = 15 - 8. Suppose 2*t = -5*s + x, 2*s + 0*s - 7 = -5*t. Suppose -y + t = -24. Calculate the remainder when y is divided by 9.
7
Let c(b) = b**2 - 24*b + 130. Let w be c(15). Calculate the remainder when 345 is divided by (-770)/21*12/w.
81
Let k be (-1 - -3) + (2 - 1). Suppose -7*v + 3*d = -2*v - 35, 2*v + k*d = 14. What is the remainder when 669/51 + (-4 - (-528)/136) is divided by v?
6
Suppose 32*n - 125*n = -98580. Calculate the remainder when n is divided by 56.
52
Let l be 15*1*(-12)/36 - 1. Let v be l*6/(-4) - 4. Suppose -4*y + 480 = -0*y - v*p, -p = -y + 121. Calculate the remainder when y is divided by 8.
5
Let d = 61 + -46. Suppose 0 = 39*v - 45*v + 174. Calculate the remainder when v is divided by d.
14
Let u = -16552 + 17088. Calculate the remainder when u is divided by 258.
20
Suppose 420 = 4*o + 191*m - 195*m, -5*m + 105 = o. What is the remainder when o is divided by 69?
36
Let h = -3049 + 3053. Let g(n) = -n**2 + 12*n - 3. Let k be g(11). What is the remainder when k + 4/6*3 is divided by h?
2
Let w(v) = -5*v + 182. Let g = 432 + -422. Calculate the remainder when w(g) is divided by 41.
9
Suppose -t + 25 = 2*z, 10*t - 5*t = 5*z + 95. What is the remainder when 89 is divided by t?
5
Let x(c) = 39*c**3 + c**2 + 52*c - 53. Let m(d) = d. Let z be m(2). Suppose 0 = -r - z*r + 231. Calculate the remainder when r is divided by x(1).
38
Suppose 4*c = -8, 0*c = 2*m + c - 8. Suppose 0*s - m*y - 188 = -s, 1024 = 5*s + 3*y. What is the remainder when s is divided by 35?
28
Let w(h) = 210*h**3 + 4*h**2 - 2*h. Let c(q) = -q**2 + 19*q - 87. Let r be c(11). What is the remainder when w(r) is divided by 73?
66
Suppose -2*k - 7 - 8 = 3*o, 3 = -5*k + 4*o. Let g(y) = 3*y**2 - 7*y - 28. What is the remainder when 156 is divided by g(k)?
16
Let f(h) = -h**3 - 3*h**2 + 5*h + 6. Suppose r + 5*t - 5 = 0, -8 = 2*r + t - 0. Let u(a) = -a + 22. What is the remainder when f(r) is divided by u(5)?
14
Let w = -28 - -82. Let u(k) = -3*k**2 + 66*k - 6. Let n be u(28). Let s = n - -524. What is the remainder when w is divided by s?
12
Let k = 2616 - 2539. What is the remainder when k is divided by 32 + 9/3 + -3?
13
Suppose 3*s = -14*a + 10*a + 93, -62 = -4*s + 5*a. What is the remainder when 266 is divided by s?
13
Let n = -1066 - -1087. Let r(y) = 185*y + 2. What is the remainder when r(1) is divided by n?
19
Let j = 1155 - 1023. Calculate the remainder when 140 is divided by j.
8
Let a be 777/(-9) - (3 + 91/(-21)). Let g = -197 + 128. Let y = g - a. What is the remainder when 44 is divided by y?
12
Let n be ((-4292)/370)/((-1)/395*1). Suppose -46*g + n = -17*g. What is the remainder when g is divided by 44?
26
Let y(w) = -w**3 + 5*w**2 + 4*w. Let g be y(6). Let c = g + 20. Let j = 8859 - 8856. What is the remainder when c is divided by j?
2
Let g(w) = 3*w**3 + w**2 - 2*w - 3. Let h be (-8)/(-12) + (-98)/3. Calculate the remainder when 10/(((-20)/h)/5) is divided by g(2).
17
Let o(x) = x**3 - 5*x**2 - 38*x + 18. Let b be o(12). Suppose -b = -14*m + 396. What is the remainder when m is divided by 12?
9
Suppose -2607 + 215 = -2*t - 2*n, 2*t - 3*n - 2387 = 0. Calculate the remainder when t is divided by 57.
55
Let o(q) = q**2 + 10*q + 18. Let f be o(-8). Suppose -4*s - 92 = -2*b, -3*s = f*b + 53 + 30. Calculate the remainder when 29 is divided by 1/((-5)/s*(-3 + 4)).
4
Suppose -9*c + 14*c + 10 = 65. Calculate the remainder when 519 is divided by c.
2
Calculate the remainder when 559 is divided by (-16)/(-8) + 16 + 17.
34
Let z = 6476 + -6144. What is the remainder when z is divided by 109?
5
Suppose 4*u - 2*u = 128. Let b = 143719 + -143683. What is the remainder when u is divided by b?
28
Let d(g) = g - 7. Let h be d(9). Let j(k) = -k**2 + 19*k**3 - h + 1 + 2*k + 4*k - 4*k. Calculate the remainder when 75 is divided by j(1).
18
Let a(d) = 4*d**2. Suppose 6 = 9*n - 12. Calculate the remainder when 79 is divided by a(n).
15
Let z(m) = m**3 - 2*m + 64. Suppose 5*k = -2*v + 43 + 27, -5*v - 73 = -3*k. Calculate the remainder when z(0) is divided by k.
0
Let l = 315 - 309. Suppose z = 3*u + 61, -z + l*u = 8*u - 86. What is the remainder when z is divided by 6?
4
Let y(t) = -t**2 + 49. Let w be y(0). Let z = w - 55. Calculate the remainder when 80 is divided by -9*(-3 - (4/z)/1).
17
Let v be (-2)/(-10) - (-416)/(-80). Let m(g) = 6*g**2 + 23*g - 5. What is the remainder when m(v) is divided by 18?
12
Let w = 11 - 8. Suppose m + 34 = 2*b + 4, 4*b - w*m = 56. What is the remainder when 150 is divided by b?
14
Let r be 5/(-2)*66/(-55). Suppose -4*s - 16 = 0, -5*q + 69 = r*s - 4*s. Calculate the remainder when 23 is divided by q.
10
Let w = -8237 - -8441. Calculate the remainder when w is divided by 27.
15
Suppose 2*v - 5*s = -v + 20, -2*s - 27 = -5*v. Suppose -z = 5*b - 50, v*b + 73*z - 74*z - 40 = 0. What is the remainder when 327 is divided by b?
3
Let i be 15/35 - (4 - (-1480)/7). Let p = -199 - i. What is the remainder when 139 is divided by p?
11
Let o(k) = k**3 + 11*k**2 - 58*k - 542. What is the remainder when 935 is divided by o(-12)?
5
Let c = -6 - -8. Let w = 49 - c. Calculate the remainder when w is divided by 4*5*(-63)/(-180)*3.
5
Let o = -24 + 24. Let z(m) be the first derivative of m**3/3 + m**2 + 36*m + 7. What is the remainder when z(o) is divided by 8?
4
What is the remainder when (-4)/(-2) + (289 - -3) is divided by (-1026)/(-27) - (0 + 13)